Suppose -8*c + 11*c = 15. Let f(n) = -41*n**3 + n**2 - 3*n + 3. Let d be f(1). Let r be ((-88)/32)/(2/d). What is the greatest common factor of c and r?
5
Let z = 185 - 65. Suppose -5*g - u = u - z, 15 = -3*u. Suppose g*t - 4 = 24*t. Calculate the highest common factor of 2 and t.
2
Let k be (6/(-5))/(5 + (-69)/15). Let o be k + 4 + 24/(-4). Let f be ((-277)/o)/1 + (-18)/45. What is the greatest common factor of 22 and f?
11
Suppose 0 = -l - 43 + 221. Suppose 0 = -l*f + 180*f - 26. Calculate the highest common factor of f and 117.
13
Suppose -3*k + 120 + 24 = 0. Suppose 13*i - 10*i - 18 = 0. Calculate the greatest common factor of k and i.
6
Let m be (-1)/4 - 2715/(-60). Let j = 663 + -303. Calculate the greatest common factor of m and j.
45
Let q = -6585 + 6927. What is the greatest common factor of q and 570?
114
Let p = 333 - 325. Let c = 524 - 180. Calculate the greatest common divisor of c and p.
8
Suppose 70*h - 30713 - 11734 = 19293. What is the highest common divisor of h and 522?
18
Let y(o) = 11*o + 2. Let v(f) = 4*f**2 - 33*f + 10. Let h be v(8). Let m be y(h). Calculate the greatest common factor of m and 18.
6
Let j(o) = -o**3 + 30*o**2 + 167*o. Let t be j(33). Calculate the highest common factor of t and 1056.
132
Let v = 152 - 150. Let c = 29 - v. What is the highest common factor of 1 and c?
1
Let o be (-209)/(-4) + 750/(-600). What is the greatest common divisor of 34 and o?
17
Let d(u) = -1303*u - 3387. Let a be d(-3). What is the highest common divisor of a and 414?
18
Let k = 10343 + -10341. Let b = -3 + 6. Suppose -b*x = k*m - 1, -1 = 5*x - x + 5*m. What is the highest common factor of 3 and x?
1
Let j be (-4165)/(-21) - (5 + 42/(-9)). Let x = 562 - j. Calculate the highest common divisor of x and 84.
28
Let q(j) = 4*j**2 + 4*j - 8. Let p = 44 - 21. Suppose 2*a + 3*k = -p, 0 = 3*a - 2*k + 2. Let l be q(a). Calculate the greatest common divisor of 8 and l.
8
Let a = 184 + -195. Let t = 29 + a. What is the highest common divisor of t and 54?
18
Let z(f) = -10 - 13*f**2 + 23*f + f**3 + 29 - 9. Let k be z(11). What is the highest common factor of 3 and k?
3
Suppose 8*r = 10*r + 14. Let c be (-5)/((-21 - -18) + r/(-2)). Let v(i) = -2*i**2 - 21*i - 3. Let x be v(c). What is the highest common divisor of x and 21?
7
Let t = 20545 - 20297. Calculate the highest common factor of t and 312.
8
Let d = 101 + -61. Suppose -16*n - 29 = -829. Calculate the highest common factor of n and d.
10
Suppose -2394 = c - 19*c. Suppose 0 = 5*v - n - 766, 3*v - 587 + c = -5*n. Let p = 51 + -34. Calculate the highest common divisor of p and v.
17
Let c(h) = 4100*h - 147. Let q be c(1). Calculate the greatest common divisor of 59 and q.
59
Let i be -18*(68/(-3) + 8). Calculate the greatest common divisor of i and 3.
3
Let i be 4/((-28)/(-63)*9/(-6)). Let v be ((-3)/(60/(-8)))/(i/(-900)). What is the greatest common factor of v and 45?
15
Let m = 1 - -7. Suppose 6*n - m*n + 324 = 0. Let a(g) = 2*g + 1. Let r be a(13). What is the greatest common divisor of r and n?
27
Suppose -4*c + 4*w = -232, -201*w = 4*c - 204*w - 238. What is the greatest common factor of 3 and c?
1
Suppose -4*o + 0 = -8. Suppose -95 = 2*n - 4*g - 29, 4*g + 98 = -o*n. Let y = n + 68. What is the highest common factor of 135 and y?
27
Suppose 12*p = 6*p + 234. Let r = p + 48. Let q = r + -65. What is the greatest common divisor of q and 55?
11
Suppose -6*s - 2037 = 363. Let c = s + 535. Let p be 2 - -13*3/3. Calculate the highest common factor of c and p.
15
Suppose 0 = -w - 3*t - 7, 31*w + 49 = 33*w - 3*t. Calculate the greatest common divisor of w and 1414.
14
Suppose b - 74 = 86. Let h be (0 + 5)*(-15)/(225/(-120)). What is the highest common factor of b and h?
40
Let c(i) = -36 - 7*i + i**2 + 6*i + 0*i**2. Let v be c(10). Suppose -2*t + 3*b = 0, -6*b + 14 = -t - b. What is the greatest common factor of t and v?
6
Let w = -4201 + 4760. Calculate the greatest common factor of 301 and w.
43
Let f be 14 - (22 - (-26 - -23)) - (-1 + -48). Suppose 4 = -0*r + r, 5*l + 2*r - 1338 = 0. Calculate the greatest common divisor of l and f.
38
Let i be -3 + (9/2 + -7)*(-186)/5. Calculate the greatest common factor of 380 and i.
10
Let n(k) = k**3 - 4*k**2 + 3*k - 3. Let u be n(4). Suppose -v - 4*v + 1103 = -2*d, 0 = 3*v + 2*d - 697. Calculate the greatest common factor of v and u.
9
Suppose 5 = 3*l - l + 5*u, 0 = 5*u - 5. Suppose l = 3*y + 2*f - 4, 2*f + 8 = 5*y + 5*f. Calculate the highest common divisor of 8 and y.
4
Let r(q) = -q + 7. Let v be r(-10). Let h = -14 + v. Let d = -128 - -134. What is the greatest common factor of h and d?
3
Let x = 22 + -30. Let s(p) = -3*p - 6. Let k be s(x). Suppose -140 = -u - 2*w, -u + 5*u + 2*w - 572 = 0. What is the highest common factor of k and u?
18
Let o = -131 + 131. Let b be 1*(o*(-3)/(-3) + 19). Let c be 9/12 + 450/8. What is the greatest common factor of b and c?
19
Suppose -19 = 10*s - 229. Let m = 312 - 249. What is the highest common divisor of s and m?
21
Suppose 49 = -8*o + 12*o - n, 4*n - 56 = -5*o. Let q(t) = 22*t - 36. Let g be q(12). What is the highest common factor of g and o?
12
Let c(i) = -i**3 + 11*i**2 - 15*i + 14. Let r be c(7). Suppose r = 29*g - 24*g. Calculate the greatest common factor of g and 3.
3
Let p be ((-4)/2)/((-26)/325). Suppose 2*t + 500 = 6*t. What is the greatest common divisor of p and t?
25
Let v be (-12 - -10)*(-1 + 2410/(-4)). Let a(q) = 34*q**2 - 100*q + 11. Let b be a(3). Calculate the highest common factor of b and v.
17
Let o(v) = -v**3 + 23*v**2 - 109*v - 7. Let h be o(15). What is the greatest common factor of h and 9322?
158
Let m(k) = -44*k - 31. Let n be m(-9). Suppose 0 = 3*g - 10*o + 15*o - n, -125 = -g - o. Calculate the greatest common divisor of 455 and g.
65
Let s = 246 - -60. Suppose -k = -4*k + s. Let z be (2/3)/(208/k - 2). What is the highest common factor of z and 17?
17
Let h be ((-6423)/9 + -3)*189/(-18). Calculate the highest common factor of h and 175.
175
Suppose -8*h + 371 + 301 = 0. Let l(c) = 0*c + h - 5*c - 78 + c**2. Let g be l(4). What is the greatest common factor of g and 6?
2
Let q be -133*66/(-42) - -11. What is the greatest common factor of 1188 and q?
44
Let a(c) = -8*c + 2. Suppose 7*l - 4*y + 21 = 2*l, 2*l = 4*y - 6. Let v be 7/(-7)*(0 - 1)*l. Let b be a(v). What is the highest common divisor of 6 and b?
6
Let f be (1 - 3)*(6 + 42/(-6)). Let m be f/10 - 19/(-5). Let n(h) = -h**3 + 6*h**2 + h - 12. Let z be n(m). Calculate the greatest common factor of 3 and z.
3
Let a(t) be the first derivative of 11*t**4/4 - 5*t**2/2 + 5*t - 83. Let y be a(1). Calculate the highest common divisor of y and 253.
11
Let y = 373 + -209. Suppose y = 5*u - 151. Suppose -5*b + 0*b + 210 = 0. What is the highest common divisor of b and u?
21
Suppose -2202*s = -2191*s - 264. Suppose b + 4*d = d + 981, 3*b = 5*d + 2957. Calculate the highest common divisor of b and s.
24
Let d = 24562 + -24392. What is the highest common factor of d and 25?
5
Suppose 4*l + l = -3*s + 125, -5*l + 25 = s. Let o(t) = 2*t**3 + 14*t**2 - 117*t - 615. Let k be o(-5). Calculate the highest common factor of s and k.
10
Let x(f) = 19*f**2 + 3*f - 6. Let b be (3/6)/(6/(-36)). Let p be x(b). What is the greatest common divisor of p and 24?
12
Suppose -3*a - 163 = 2*x, 4*a = -7*x + 2*x - 229. Let t = -42 - a. Let m = 23 + -14. What is the greatest common divisor of m and t?
9
Let i(m) = -121*m + 9335. Let g be i(60). Calculate the highest common divisor of g and 525.
25
Suppose 211 + 286 = 4*z - j, -2*j = -5*z + 619. Suppose -n + z - 89 = 0. Calculate the highest common factor of 60 and n.
12
Let k(v) = 6*v - 166. Let s be k(29). Suppose 4*z + b - 48 = 18, 4*z - 4*b - 56 = 0. What is the highest common factor of s and z?
8
Let j = -104 + 169. Suppose -2*w - 4*q + 244 = 0, -4*q + j = 4*w - 435. Calculate the greatest common factor of 8 and w.
8
Let i be -5*(-14 - (-8065)/(-25)). What is the greatest common factor of 297 and i?
99
Suppose 2*x = 5*f + 318, 2*x + 0*f - 346 = -2*f. Suppose 9*u - x = -25. Calculate the greatest common factor of 8 and u.
8
Suppose 26 - 14 = 6*s. Suppose -s*g = -2*n + 4, -5*n = -2*n - g - 10. What is the highest common divisor of 4 and n?
4
Suppose 0 = -2*d - 2*d + 192. Let v = -7986 + 8029. Let 